 is the tens digit of c(7)?
6
Let d(i) = 833*i**2 - 170*i + 63. What is the hundreds digit of d(7)?
6
Let m be (-4 - -7)/((-63)/(-11) - 6). Suppose -b - 2*b - 309 = 0. Let x = m - b. What is the tens digit of x?
9
Let t be -2*1*(-5)/(-5). Let f be t/(1 - (0 + 2)). Suppose -190 = f*z - 324. What is the units digit of z?
7
Let c(r) = -r - 2. Let l be c(-2). Let j(t) = 3*t**2 - 4*t**2 + 11*t + 2177 - 13*t - 2163. What is the tens digit of j(l)?
1
Let g(t) = t**3 - 6*t**2 + 5*t. Let j be g(5). Suppose 336 = 39*b - 33*b. Let x = b + j. What is the units digit of x?
6
Let f = -1408 + 680. Let z = -366 - f. What is the hundreds digit of z?
3
Let s be (-24)/15*((-194)/4 + 1). Suppose 66 - 232 = -2*r + 3*x, -72 = -r - 4*x. Suppose -2*p = -r - s. What is the units digit of p?
8
Suppose 6*g - 2*g + 16 = 4*f, 2*g = -5*f + 20. Let j be ((-4)/(-14))/(88/308). Suppose -3*m = -2*i + m + 246, g = -m + j. What is the units digit of i?
5
Suppose 19*r - 200536 = 6*r - 15*r. What is the tens digit of r?
6
Let x(d) = d**3 + 38*d**2 - 224*d - 97. What is the hundreds digit of x(-28)?
0
Suppose 8972 = 11*w + 2449. Suppose -3*b + 577 + w = 0. What is the hundreds digit of b?
3
What is the ten thousands digit of 108/162 - 1676*3/((-36)/515)?
7
Suppose -18*h + 73754 = -76690. What is the thousands digit of h?
8
Let x be (2 + (-10)/4)*(-4 - -4). Let y(t) = -t**3 + t**2 - t + 504. Let k be y(x). Suppose -k = -8*d + 456. What is the tens digit of d?
2
Suppose 3*s + 397 = -b - 122, 4*b - 3*s + 2046 = 0. Let p = b - -257. Let f = p - -414. What is the tens digit of f?
5
Let f(q) = -3*q + 5. Suppose 0 = 3*n + 6 - 0. Let b be -6*5/(-15) + n. What is the units digit of f(b)?
5
Let n(q) be the first derivative of q**4/4 - q**3/3 + q**2 - 7*q + 10. Let r be n(0). What is the units digit of (-39)/(-5)*(r + 12)?
9
Let z(b) = 16*b**2 - 3*b**3 - 63*b + 4*b**3 - 2*b**3 + 50*b + 2. What is the tens digit of z(13)?
4
Let o = -255 - -258. Suppose 3*l = 0, 8*m - 1135 = o*m - 4*l. What is the hundreds digit of m?
2
Suppose -15*g + 28*g - 145540 = -63*g. What is the tens digit of g?
1
Let t(b) = -11958*b + 5137. What is the ten thousands digit of t(-4)?
5
Let s(l) = -l**3 - 4*l**2 - 2*l - 7. Suppose 0 = 7*v - 6*v - 8. Suppose -o = v - 2. What is the tens digit of s(o)?
7
Suppose 3*r - 86648 = 4*w, 259*r - 261*r = -5*w - 57749. What is the tens digit of r?
9
Suppose -3*k = k + 5*c - 415, 4*k + 3*c - 417 = 0. What is the hundreds digit of k/20*8668/33?
3
Suppose -5*p = z - 0*z + 40, 0 = 3*z - p + 104. Let x = z + 34. What is the tens digit of (-4)/4 + x + 93?
9
What is the units digit of 364/(-3)*(-191 - -149)?
6
What is the ten thousands digit of 10/(-245) + 139645440/3528?
3
Let t(i) = -i + 82. Suppose 6*b - 56 = 106. Suppose -2*j = -2*u - 3*j + b, j = 5*u - 85. What is the tens digit of t(u)?
6
Suppose 5573*d = 5587*d - 756. What is the tens digit of d?
5
Let q(f) = f**3 - 10*f**2 + 10*f - 10. Let u be q(9). Suppose 13*r - 74 = 11*r. Let h = u + r. What is the tens digit of h?
3
Let k(v) = 24*v - 109. Let p be k(22). Let g = p - 183. What is the hundreds digit of g?
2
Let z be ((-508)/(-1))/((-6)/(-45)). Let g = z + -2671. What is the units digit of g?
9
Suppose 0 = 22*z - 11 + 33. What is the units digit of (3/z)/(((-243)/2760)/27)?
0
Suppose 0 = 12*c - 92836 + 82550 - 156922. What is the ten thousands digit of c?
1
Suppose 3*f - 402 = -4*z, -7*f = -3*f - 3*z - 511. Let a be f + 15/3 + -3. Let k = a - 44. What is the tens digit of k?
8
Let u = -171 - -165. What is the units digit of (-1)/(u/(-22))*-27?
9
Suppose 8*w + 2352 = n + 4*w, -2*w - 9464 = -4*n. Let y = n - 1572. What is the tens digit of y?
9
Suppose 30 = -6*d, -3*c + 975 = -2*d - 622. Suppose 0 = 539*l - c*l - 3740. What is the hundreds digit of l?
3
What is the tens digit of -1*(114/9)/((-32)/14736)?
3
Suppose -16*b - 45*b + 229429 = -181528. What is the tens digit of b?
3
What is the hundreds digit of ((-9793)/14 - (-1 - -7))/((-1)/6)?
2
Let x = 26 + -26. Suppose x = -6*r + 24. Let k(u) = 35*u - 4. What is the hundreds digit of k(r)?
1
Let q(z) = -1284*z - 657. What is the hundreds digit of q(-6)?
0
Let s be (-6)/(-18) - 42/(-9). Suppose 3*y - 1036 = -s*k, -k + 208 = -3*y + 4*y. What is the hundreds digit of k?
2
Suppose -5*a - 57610 = -z, -5*z + 288137 = -74*a + 78*a. What is the ten thousands digit of z?
5
Let v = -18346 + 44703. What is the tens digit of v?
5
Let o be 5 - (-6)/(-12)*(2 - 2). Suppose -3*a + 304 = 5*h, -5*h + 351 = -3*a + 35. Suppose o*v - h - 163 = 0. What is the tens digit of v?
4
Suppose k - 2*n = 1344, -2523 = -2*k + 2*n + 157. Let y = k - 208. What is the tens digit of y?
2
Suppose 21 - 8 = -w. Let i = 15 + w. Suppose 736 = 4*z - 3*y, -y - 174 = -i*z + 196. What is the units digit of z?
7
Let j(l) be the second derivative of 389*l**3/6 + 161*l**2/2 + 15*l - 7. What is the hundreds digit of j(3)?
3
Let u = -16509 - -31434. What is the hundreds digit of u?
9
Let d = 155 - 165. What is the tens digit of (2745/d - 3)/((-15)/20)?
7
Let h(n) = 207*n**2 + 5*n - 1. Let c(w) = 103*w**2 + 2*w. Let g(a) = 5*c(a) - 2*h(a). What is the units digit of g(3)?
1
Let i(o) = -o**2 + 8*o + 13. Let j be 1/2*(-64)/(-2). Suppose j*d - 13*d = 21. What is the units digit of i(d)?
0
Suppose -4*s + 14104 = b, 3*b + 3*s = 61483 - 19189. What is the tens digit of b?
9
Let n(p) = 263*p**2 - 132*p - 724. What is the units digit of n(-8)?
4
Let c(i) = i**3 - i**2 - 4*i - 11. Let w be c(7). Let s = 86 - w. Let x = s + 281. What is the hundreds digit of x?
1
Let n(z) = -130*z - 1807. What is the thousands digit of n(-58)?
5
Let b(s) be the second derivative of -s**5/20 + 5*s**4/4 - 3*s**3 - 7*s**2/2 - 67*s. What is the units digit of b(12)?
9
Let k = -263 + 271. Suppose 0 = k*i - 435 - 845. What is the hundreds digit of i?
1
Let h(f) = 4 + 4*f + 18*f**3 - 9*f**3 - 12 - 7*f**2. What is the tens digit of h(4)?
7
Let x(s) = s**2 + 3*s + 1. Let i be x(-2). What is the tens digit of 6/(-48)*-268*(5 - i)?
0
Let n = -42 - -48. Let f be (-274)/5*(1 - n). Suppose 0*i - 2*i + f = -d, 3*d + 552 = 4*i. What is the tens digit of i?
3
Let x be ((-8)/6)/(2/(-6)). Let i = 581 - 581. Suppose x*v + 12 = i, -7 = 4*k + 3*v - 146. What is the tens digit of k?
3
Suppose 0 = 2*c - h - 10 + 2, 0 = 5*c + 5*h - 35. Suppose c*q + 3*z - 5294 = 0, 2*q - 2*z - 1961 - 163 = 0. What is the tens digit of q?
6
Let f be (14/(-4))/(3/72). Let z(w) = 2*w**2 + 7*w + 1. Let q be z(-11). Let j = q + f. What is the tens digit of j?
8
Suppose 0 = -5*y + 16671 - 6251. What is the thousands digit of y?
2
Suppose 3*b - 12*p + 8*p = 29116, 29151 = 3*b + 3*p. What is the units digit of b?
2
Let u(f) = f**3 - 22*f**2 + f - 101. Let v be u(22). Suppose 998 = -4*r + 3*n + 281, 0 = n + 1. Let m = v - r. What is the hundreds digit of m?
1
Suppose 5*s - 15*s + 20 = 0. Suppose 0 = -s*h + 3*h. Suppose h*p + y = 4*p - 572, 0 = y. What is the tens digit of p?
4
Let v = -27626 + 28259. What is the units digit of v?
3
Let m(t) = 3897*t**2 + 38*t - 37. What is the thousands digit of m(1)?
3
Let k = -118 + 136. What is the hundreds digit of (-2)/(-3) + 1788/k + 3?
1
Let v = 1667 - -2621. What is the thousands digit of v?
4
Suppose c = 551 - 137. What is the units digit of (4/8)/(-1 - -2)*c?
7
Suppose 107453 = 10*s + 36443. What is the units digit of s?
1
Suppose -14*r + 10*r = 80. What is the hundreds digit of -1 + 4 + (r - -402)?
3
Let n(c) = 35*c**2 + 10*c - 51. Let z be n(3). Suppose 1774 = -292*y + z*y. What is the tens digit of y?
8
Let a(n) = 162*n + 260. Let s be a(-4). Let t = s + 1038. What is the units digit of t?
0
What is the tens digit of (-66)/(-726) - 252624/(-22)?
8
Let a be -3*1*(-97 - 6). Suppose 207 = -w + a. What is the units digit of w?
2
Let h(v) be the second derivative of 42*v**5/5 - 5*v**3/6 + v**2/2 - 11*v. What is the tens digit of h(2)?
3
Let y = -2157 - -3855. Let z = y + -918. Suppose -14*q + 4*q = -z. What is the units digit of q?
8
Suppose 2*k - 22 = k - 4*v, 2*v = 10. Let u(p) = -k*p**2 - 4*p + 6*p + 4*p - 5*p + 27. What is the units digit of u(0)?
7
Suppose 3*y - t = 17, 2*y + 9 = 5*t + 29. Suppose -5*p = y*o - 49 + 14, -25 = -3*p + o. Suppose 4 = p*l - 4. What is the units digit of l?
1
Suppose -2*w + 356 = 4*s - 766, 1107 = 4*s + 5*w. Let f = s - 84. What i